d by (2 - 1)/((-26572)/2954 + 9)?
4
Let g(m) = 63*m**2 - m - 2. What is the remainder when g(2) is divided by ((-6)/14*200/150)/((-1)/112)?
56
Let z = 101 + 42. Suppose -7 = -10*w + z. Calculate the remainder when 4/(-6) + 880/15 is divided by w.
13
Let t = -649 + 659. Suppose 6*u = u - 50. Let l = 37 + u. Calculate the remainder when l is divided by t.
7
Suppose 16 = l - 18. Let s = 47 - l. Suppose s*a = 11*a + 32. What is the remainder when 43 is divided by a?
11
Let r(j) = 109*j**2 + 9*j + 18. Let k be r(-2). Suppose -7*h + k = 373. Calculate the remainder when 70 is divided by h.
7
Let g(r) = -4*r. Calculate the remainder when (-2148)/3938 + 655/11 is divided by g(-5).
19
Let n(a) = 24*a**2 + 26*a - 124. What is the remainder when n(8) is divided by 11?
3
Let q(z) = -10*z**2 + 5*z**2 + 4*z**2 - 2*z - 1 - 1 + 5*z**2. Let a(u) = u**2 + u + 6. What is the remainder when a(8) is divided by q(2)?
8
Let j(y) = -y**3 - 5*y**2 - 6*y + 3. Let l be j(-3). Suppose -n - 4*n - 688 = -3*x, -x + 228 = -l*n. What is the remainder when x is divided by 18?
15
Let m(o) = 4*o**2 + 4*o - 14. Suppose 381 = 40*w - 339. Calculate the remainder when m(5) is divided by w.
16
Let y(q) = -4*q**2 + q + 4. Let u be y(0). Suppose 44 = z + 2*z - u*d, 2*d = 2*z - 26. Calculate the remainder when -3 + 3/((-6)/(-50)) is divided by z.
6
Suppose -5*s + 3*t + 51 = -44, -s + 121 = -21*t. What is the remainder when 629 is divided by s?
5
Let g = -341 - -343. Suppose g*i + 6 = 0, 0 = 3*c - 0*c - 4*i - 165. Calculate the remainder when c is divided by 18.
15
Let o(h) = 2*h**2 + 3*h - 23. Let r be o(-11). Calculate the remainder when 4/(-64)*4 - r/(-8) is divided by 9.
5
Let h(o) be the first derivative of 31*o**2/2 - 35*o + 42. What is the remainder when h(5) is divided by 11?
10
Let z(x) = x**3 - 12*x**2 - 25*x + 135. Calculate the remainder when 580 is divided by z(14).
49
Let f = 14 - -117. Let j = f + -131. Suppose 0*o - 5*o + 4*t + 773 = j, -o + 160 = t. Calculate the remainder when o is divided by 53.
51
Let y(z) = 17*z + 87. Let j be y(-5). Suppose 2*r - 126 = -0*r + 4*w, 5*r + j*w = 291. What is the remainder when r is divided by 24?
11
Let g = -1971 - -1994. Calculate the remainder when 1378 is divided by g.
21
Suppose -9 = 8*h - 11*h. Suppose 6*u - 2*u + 18 = 3*b, -2*u = h*b. Calculate the remainder when b/1*((-7)/(-2))/7 is divided by 1.
0
Let z(o) = 25*o**2. Let s be z(1). Calculate the remainder when 2*((-44)/20)/(6/(-105)) is divided by (-10)/4 + s/2.
7
Suppose -3*c + 142 = j, -3*c - 402 = -8*j + 5*j. Calculate the remainder when 675 is divided by j.
131
Suppose 0 = -10*j + 9*j - 2, 0 = -4*u - 4*j + 1848. Calculate the remainder when u is divided by 140.
44
Suppose 0 = -2*a - s + 3, -4*a + 3 = s. Suppose 4*h + 3*b + b - 1112 = a, -4*h = -4*b - 1088. Calculate the remainder when h is divided by 69.
68
Suppose 7*u = -0*u - 56. Let w = u - -29. What is the remainder when 1513/15 + 16/120 is divided by w?
17
Suppose m = -4*j + 285, 4*m - 1527 = -m - 3*j. Calculate the remainder when m is divided by 24.
21
Let z(g) = -7*g - 138. Let x be 12/(-210)*-7*-85. Calculate the remainder when z(x) is divided by 28.
16
Let m(y) = -2*y - 1. Let c be m(2). Let t(z) = 2*z**2 + 8*z + 3. Calculate the remainder when 44778/2195*(-2 - (-1 + -6)) is divided by t(c).
11
Suppose 34*s - 32*s = 62. Suppose 0 = 42*a - 40*a - i - 111, a + 4*i = 78. What is the remainder when a is divided by s?
27
Let x(t) = -538*t - 2670. Calculate the remainder when 336 is divided by x(-5).
16
Let k = -22 + 17. Let x(q) = 2*q**2 - 4*q + 6. Let f(h) = 3*h**2 - 9*h + 12. Let m(o) = 3*f(o) - 5*x(o). Calculate the remainder when 63 is divided by m(k).
15
Calculate the remainder when (-6 - 144/(-21))*(-455)/(-5) is divided by 50.
28
Let v(k) = -158*k + 265. What is the remainder when v(-10) is divided by 7?
4
Let b(c) = c**3 + 7*c**2 - 9*c - 2. Let v be b(-6). Suppose -3*z + v = z. What is the remainder when (-4)/(-8)*2*123/3 is divided by z?
19
Let n = 16529 + -16512. Calculate the remainder when 1007 is divided by n.
4
Calculate the remainder when 277 is divided by (-188256)/(-2442) + 20/22.
43
Let z(l) = -7*l**3 - l**3 - 11*l + 3 + 7*l**3 + 12*l**2. Let i be z(11). Let a(n) = 10*n - 13. Calculate the remainder when 26 is divided by a(i).
9
Suppose -18 = -4*x - 4*k + 38, -2 = -k. Calculate the remainder when -8*21/14*(-249)/x is divided by 10.
9
Suppose 2*y = 3*z - 361, 4*y - 2*y + 2*z + 376 = 0. Let h = y + 360. Calculate the remainder when h is divided by 60.
55
Suppose -16 = -8*s - 0. Let c be s - 2 - (-2496)/12. Suppose 14*x - 212 - c = 0. Calculate the remainder when x is divided by 16.
14
Let l(y) = 12*y - 9*y - 155 + 173. Suppose -23 = -3*p + 7. Calculate the remainder when l(p) is divided by 17.
14
Suppose 5*q + 960 = 35*q. Calculate the remainder when 187 is divided by q.
27
Let w = -1524 + 1586. Suppose 2*g = 3*z - w, 5*g + 44 + 12 = 2*z. What is the remainder when 0 + (0 - -52*1) is divided by z?
16
Let h(t) = -17*t**2 + 795*t - 853*t - 3 + 2 - 3. What is the remainder when 66 is divided by h(-3)?
15
Suppose 577 - 135 = y + 4*j, 4*j + 2114 = 5*y. Let o = -400 + y. Calculate the remainder when 283 is divided by o.
23
Let b be (-2 - -8)*6/9. Suppose 0*g - 67 = -b*v + 3*g, -3*g = -v + 28. Suppose 11*d = -2*d + 233 + 131. Calculate the remainder when d is divided by v.
2
Suppose 5*i - 6430 = -5*w, 4*w + 4122*i = 4121*i + 5168. Calculate the remainder when w is divided by 93.
85
Let z(y) = y**3 - 18*y**2 + y - 2. Let h be z(18). Suppose 12*q = h*q - 4. What is the remainder when 77 is divided by 3 + (-2)/q + 12?
12
Suppose 3*p + 0*i = 2*i - 352, -25 = -5*i. Let x = 229 + p. Suppose 0 = 6*w - 89 + 11. What is the remainder when x is divided by w?
11
Let l = -33 - -134. Suppose 47 - 143 = -4*t. Calculate the remainder when l is divided by t + 0 + 18/6.
20
Let m = -21899 - -22102. What is the remainder when m is divided by 69?
65
Suppose -11*x = -18*x + 161. Suppose y = 4*n + 21, 5*y = 2*n - 8 + x. Calculate the remainder when 18 + (2 - y) + 3 is divided by 12.
10
Let s be 1 + (-8)/8 + 438. Suppose -447*w + s*w = -90. What is the remainder when 22 is divided by w?
2
Let a(j) = -j**2 - 13*j - 36. Let d be a(-4). Suppose -k = -2*y + y - 12, 3*k + y - 16 = d. Calculate the remainder when 40 is divided by k.
5
Suppose -5*r - 1 = s - 2, 5*s - 4*r - 5 = 0. Let d(k) = 154*k - 5. Suppose -240 = -9*i + i. What is the remainder when d(s) is divided by i?
29
Let q = 120 + 55. Suppose 403 = -l - 402. Let r = -761 - l. Calculate the remainder when q is divided by r.
43
What is the remainder when (-23)/(92/(-8))*32586/12 is divided by 143?
140
Let c(f) = 633*f + 7404. Calculate the remainder when c(-11) is divided by 126.
63
Let l(z) = -8*z**2 + 439*z + 583. Suppose 2*o - 5*d = 332, 648 = 4*o - d - d. What is the remainder when o is divided by l(56)?
3
Let y(d) = d**2 + 25*d + 10. Let p be y(-26). Suppose -183*j = -187*j + p. Suppose -l + 2 = -3. What is the remainder when j is divided by l?
4
Suppose l - 30*c + 31*c - 394 = 0, 4*l - 1561 = -c. Suppose -3*z = -z - 26. Calculate the remainder when l is divided by z.
12
Suppose -l + 3*f = -6*l - 19, 23 = -4*l - 5*f. Let p(k) = -2*k**3 + 3*k**3 - 5 + 3*k**3 - 4*k - 11*k**3. What is the remainder when p(l) is divided by 16?
11
What is the remainder when 637 is divided by (-10)/20 - (2058/(-12) + 5)?
139
Suppose -4*f - 15 = 5. Let j(g) = g**3 + 6*g**2 + 4*g + 14. Calculate the remainder when j(f) is divided by 5.
4
Suppose -622 - 15 = -16*y + 291. What is the remainder when y is divided by 20?
18
Let d = 47 - 21. Suppose s - 139 = 3*m, 5*s - 8*m = -12*m + 771. Calculate the remainder when s is divided by d.
21
Suppose -16589 = -85*f + 13671. What is the remainder when 456 is divided by f?
100
Let y(n) = 65*n - 923. Suppose -3*s + 107 = -4*u, -3*u = u - 16. Calculate the remainder when y(15) is divided by s.
11
What is the remainder when (-4419)/(-9) - (-5)/1 is divided by 116?
32
Let j = -154 + 170. Suppose 29*b - j*b - 9906 = 0. Calculate the remainder when b is divided by 51.
48
Suppose -20 = 4*s, 0 = 4*g - 3*g + 4*s - 24. What is the remainder when 82 is divided by g?
38
Let y(u) = -129*u + 4530. Let j = -205 - -307. Calculate the remainder when y(32) is divided by j.
96
